he value of -6 + 25 + 55 + (-37 - -15)?
52
Evaluate -40 - -29 - ((-12 - -20) + -6 + 43).
-56
Calculate (-9 - (-13 + 9)) + (7 - 1) + 4 + -60.
-55
Evaluate (-164 - -152) + (22 - 6).
4
(15 - -2) + (4 + -3 - (6 + -8 - 3))
23
Evaluate (-2 + 21 + 2 - (32 - 38)) + -4.
23
Calculate 15 + 1 - ((-219 - -140) + 82).
13
What is the value of 110 + (3 - 6 - 0) - (95 + -76)?
88
Calculate 9 + 0 - (-4598 + 4653).
-46
(9 - 2) + 4 + 31 + -29 + 4
17
What is -89 + 194 - (15 - (2 + 4 + -11))?
85
(21 + (-60 - -20) - -13) + 8
2
What is 6 + (-56 - -40) + 30?
20
What is -12 + (-23 - -42) + 34 + -147?
-106
What is (20 - -79) + -25 + -49?
25
Calculate -7 + (-4 - (-6 - (5 - -2 - 0))) + 15.
17
Evaluate (1 - -3 - 60) + (49 - 60).
-67
What is the value of -24 - -21 - -18 - (17 - 2)?
0
What is the value of 117 + -163 + (51 - -3)?
8
What is 255 + -276 + (10 - -2) + 64 + 2?
57
Evaluate 2 - 5 - -18 - (-2275 + 2255).
35
Evaluate -136 - 48 - -175 - (1 - (-69 + (-2 - -1))).
-80
88 - (-28 - (-69 + 38 + 21))
106
What is (3 - 50) + 40 - 20?
-27
What is the value of -14 - ((-2 - -5) + 6 + 6)?
-29
What is the value of (-1 - 6) + 48 + 2 + (-25 - -15)?
33
What is 9 + -2 + -3 + -106 + 89?
-13
-25 - ((-80 - 1) + -266 + 224)
98
What is the value of (-49 - -32 - (-26 + 1)) + -73 - -21?
-44
What is the value of 27 - 0 - 85 - (-5 + -11)?
-42
What is -5 + (15 - 21 - 33 - -9)?
-35
What is the value of -44 + -1 - (47 + 57 + -156 + 76)?
-69
50 + -4 - (511 + -510)
45
(5311 - 5405) + 175 + 0
81
Evaluate 36 + (38 + -51 - (13 + -6 + -34) - 1).
49
24 + -37 + -9 + 24 - (-5 - 91)
98
-57 - (-8 + 5 + (-21 - -40)) - -13
-60
What is 11 - -48 - (18 + -25 + 27)?
39
Calculate -20 - (3 + 4 + -9 + (-70 - -63)).
-11
-19 + 10 + 24 - (0 - 26)
41
Evaluate 2 + 26 - (121 - 29 - 105).
41
Evaluate 124 + -213 - (-19 - -6).
-76
Calculate 74 + 0 - (8330 + -8331).
75
What is the value of 4 + -72 + 16 + 45 + (-2 - -10)?
1
What is the value of (11 - -7) + (-3 - (-7 + 2 - -22))?
-2
(-5 - (-106 + 10 + -5 + -11)) + (-49 - -47)
105
Evaluate -76 - (-95 - (-7 - 8)).
4
What is -4 - (-4 + (-9 - 0) + (61 - 59))?
7
What is 17 - (11 - (11 - 30 - -15))?
2
What is the value of 2 - (-3 - 78 - (850 - 800))?
133
What is the value of 1 + -73 - (4225 + -4233)?
-64
Evaluate -24 - (22 - (39 - (14 + -30))).
9
-25 - (35 - (60 + 22))
22
Evaluate (0 - (-49 + 83 + 59)) + -25.
-118
Evaluate (-227 - -300) + 6 + -24 + 0.
55
What is -3 + 10 + (-15 - (-13 + 4)) + 20 + -9?
12
What is 8 - (4 - (35 + -31 - -73))?
81
Evaluate -48 + -45 + 71 + -20.
-42
-22 + ((17 - 0) + -3 - (24 + 9 + -24))
-17
What is the value of -359 + 486 - (112 + -4)?
19
Calculate 2359 + -2357 - (17 - 0 - (0 - (-1 + -1))).
-13
What is the value of 27 - (154 + -29 + 0) - -16?
-82
Calculate 5 + (-9 + 3 - (22 - -13 - 19)).
-17
What is the value of -2 + -2 + (1 - (5 - -4)) + 6 - -5?
-1
Calculate 14 + 6 + -52 + -10.
-42
Evaluate 24 - -21 - 28 - (1 + -42 - -1).
57
Evaluate 23 + 0 + -23 + (-5 - -6 - -105 - 4).
102
Calculate 47 - 3 - (-126 - -135).
35
Calculate -69 - -38 - -1 - -65.
35
Evaluate (10 - (15 + -36 - -47)) + -16 + -1.
-33
Evaluate (-9 - 1) + (80 - 116) + 55.
9
What is the value of 15778 - 15782 - (1 + 0 - 0 - -14)?
-19
What is 2732 + -2719 - ((8 - 5) + -5)?
15
What is the value of 48 + (-88 - -28 - -2)?
-10
(-5109 - -5152) + (-10 - (-2 + 3 + 0))
32
(-253 + 34 - -119) + 100
0
Calculate 80 - -3 - (2181 + -2175).
77
(-4 + 9 - 6) + (24 - 22 - -18) + -115
-96
(-67 - -2) + 7 + (-5 - -1) + 1 - -5
-56
Evaluate 32 + (-37 - -62) + -40.
17
What is the value of -888 - -911 - (6 - (0 - 1))?
16
What is -60 + (-18 - -11) + (6 + 1 - 5) + -3?
-68
Calculate -129 + 132 - (6 - (-1 + 3) - (5 - 4)).
0
(114 - 136) + (8 - -1) - -65
52
(27 - 12) + (-12 - (-18 + -4)) + 53
78
What is the value of -41 + (25 - -25) - (48 - -1)?
-40
What is -8 + 21 + -57 - 48?
-92
20 + (-10 + 12 + 7 - 26) + 63
66
Calculate 15 + -12 + 9 + -4 + -11.
-3
What is the value of -79 - (75 + (-217 - -40))?
23
-8 + 21 + -11 - ((12 - -3) + 14)
-27
Evaluate 0 - 27 - (-1116 + 1081).
8
Calculate -578 - -633 - (9 + -2).
48
(-1 - -1 - (-67 + 5)) + 110 + (-195 - -90)
67
Calculate -19 + -43 + 59 + (-2 + (0 - -6) - 3).
-2
(75 - 72 - (4 - -3)) + 6 + -4
-2
Calculate -79 - (12 + (-10 - 10) + (-6 - 1)).
-64
What is the value of (-22 - (6 - -6 - 26)) + (-6 - 0) + -56?
-70
Evaluate -4 + -1 + -52 + (-17 - -18 - 18) + -7.
-81
What is the value of -5 - 64 - 5 - (852 + -870)?
-56
Calculate 200 + -171 + -13 + 21 + 0.
37
What is 51 + -57 + 11 + (-3 - -1)?
3
Calculate 5 - 19 - (-12 + 28 + 6 + -17).
-19
Evaluate (39 - 54 - (0 + -29)) + (-68 - -2).
-52
What is 6 + (3 - (48 + -29)) + 32?
22
Evaluate (-66 - (-21 + (-15 - 8))) + 1 + 12 + -81.
-90
-22 + -113 - (-47 + 22)
-110
Calculate 38 + 3 + 4 - (2 - 3 - -15).
31
Evaluate -17 + (13 - (24 + -10) - -14 - -25).
21
9 - (3 + 0) - (8 + 8 + 47)
-57
Calculate -7 + 16 + -2 - (7 + 3 + (-58 - -29)).
26
Calculate 3 - (4 - 0 - (124 + -72)).
51
What is (-32 - (37 + -94 + 14)) + -64?
-53
What is the value of 87 - (-53 - -152) - (-1 - -13)?
-24
What is the value of -47 + (-70 - -131) + 44 + 1?
59
What is -14 + (21 - -15) + 15 - 11?
26
Evaluate (6 - 1) + 1 - ((4 + -48 - 6) + 22).
34
Calculate (1 - (-4 - 0)) + -2430 + 2434 + -35.
-26
50 - (3 + -7 + 2) - (95 + -104)
61
What is the value of 124 + -94 - ((-35 - -12) + 7)?
46
What is -30 - ((22 - 27) + 8 + -58)?
25
Evaluate -7 + ((-2 + 5 - 6) + -67 - (49 - 36)).
-90
10 + 6 + (2 - 11) + -4 + 10
13
What is -21 - (-18 - -10 - (-1 - (16 - (16 + -14))))?
-28
What is (-16 - (31 + -9) - -25) + 18?
5
Calculate (-99 - -1) + (290 - 314 - (-2 + -32)).
-88
What is the value of 23 + (-12 - (-10 + 21 - 10))?
10
What is (-43 + 5 - (166 + -188)) + -5?
-21
What is the value of (-101 - (-117 + -12)) + 71?
99
Calculate (-434 - -423) + (-8 + 6 - -2) + 65.
54
(-31 + 61 + -14 - 26) + 30 + 2 + 1
23
What is the value of -90 - ((11 + -28 - -1) + (21 - 30))?
-65
-7 - 1 - (-381 - -405) - 23
-55
What is (1 - 0 - 2) + 2 + (-68 - -18 - -100)?
51
17 + (8 - 0 - 10 - 7) - (4 + 1)
3
Evaluate 16 + -56 + 30 + -9.
-19
(-10 - 15 - -31) + 77 + (-6 - -5)
82
Evaluate 0 + -2 + -18 + 97 + -24 + -73.
-20
(-1 - -6) + (6 - 7) + (77 - (18 - 42))
105
Calculate -1 - -6 - (37 + -99 + 72).
-5
Calculate -10 - 8 - -12 - 34 - (-13 - 0).
-27
28 + (-2 - -13) + (-11 - -7) + -6
29
Calculate -12 + 3 - (-782 - -699).
74
Evaluate -40 + (63 - 24) + -16.
-17
What is the value of 12 + -51 + 27 + (-4 - (-24 - -5))?
3
-1 + (58 - ((35 - 45) + 4 + 0)) + -8
55
What is (-37 - 27) + 97 - ((2 - -1) + -11)?
41
What is the value of (50 - 15) + (-4 - -6 - 4) + 9?
42
Calculate 27 + -105 + 20 - 14.
-72
What is the value of (3 - -29) + (24 - -44) - 9?
91
What is (2 - (19 - 2 - 5)) + 90 + -122?
-42
What is -92 + (66 - 59) + 28?
-57
What is the value of (50 - (-51 - -48)) + -93?
-40
What is 30 + -18 + 2 - (9 - 3) - -137?
145
Evaluate -6 + 10 - 9 - (90 + -69).
-26
Evaluate (0 - 0 - 30) + (277 - 292).
-45
-108 + 1 - (-2108 + 1921)
80
18 + (-51 - -59) + (-2 - 18) + -2 + -7
-3
17 - -12 - 74 - (-209 - -24)
140
What is the value of (20 - 3) + (1 - 15) - (12 + -63)?
54
Calculate -14 + (-2 + -12 - (-57 + -2)) + 14.
45
Calculate 1 - -10 - (-14 + -12 - (-4 + 7)).
40
46 - (17 + 5 + -39 + (1 - -14))
48
Evaluate 9 - (16 + (21 - 18) + 17).
-27
Calculate -18 + -15 + 9 - -135 - (-11 - -13).
109
Evaluate (10 + 1 + -3 - (-3 - -6)) + 12.
17
What is the value of -14 - (11 - 8) - (-302 + 315)?
-30
32 - (-11 + 10 + -25) - 41
17
Calculate (47 - 16) + -4 + -3 + (5 - 4 - -3).
28
Calculate -14 - (530 + -546 + -1 + 43).
-40
Evaluate -1 + -13 + -2 + 21 - -15.
20
Evaluate -224 + 115 - -9 - 2.
-102
76 + -1 + 8 + 78 + -71 + -3
87
Calculate -1814 - -1781 - (1 - -1).
-35
Evaluate 106 + (6 + (21 - 11) - 11) + -5 + 2.
108
-338 + 692 + -451 + -11 + -1 + 1 + 0
-108
What is the value of 8 + 0 + (4 - -6 - (-42 - -57))?
3
Calculate -53 + (191 - 45) - 157.
-64
What is the value of 2 + 8 - (18 - 5 - (155 - 124))?
28
What is the value of -230 + 219 - ((25 - -7) + 4)?
-47
Evaluate -31 - (1 - (15 - (-2 - -8 - (1 + -5)))).
-27
Calculate -2 - -7 - (-2 + 10) - (-104 - (3 + -3)).
101
What is the value of 1 + -33 + 3 + 40 + (49 - 90)?
-30
Evaluate 2 + ((-3 - 4) + 31 - (-7 - 0)) + -4.
29
What is the value of -70 + (7 - -16) - -130?
83
What is the value of 26 - 52 - -22 - -32?
28
What is the value of -33665 - -335